{"id":21,"date":"2025-10-13T19:22:32","date_gmt":"2025-10-13T17:22:32","guid":{"rendered":"https:\/\/alga01.fr\/?page_id=21"},"modified":"2025-10-15T15:52:47","modified_gmt":"2025-10-15T13:52:47","slug":"accueil","status":"publish","type":"page","link":"https:\/\/alga01.fr\/?page_id=21","title":{"rendered":"A propos:"},"content":{"rendered":"\n<p>Bonjour,<\/p>\n\n\n\n<p>Je m&rsquo;appelle Laure, je poss\u00e8de un Bac STG et un BTS Assistante Gestion<br>PME-PMI. J&rsquo;ai 16 ans d&rsquo;exp\u00e9rience en tant que :<\/p>\n\n\n\n<ul class=\"wp-block-list\">\n<li>Assistante de Direction<\/li>\n\n\n\n<li>Secr\u00e9taire administrative<\/li>\n\n\n\n<li>Assistante de Gestion<\/li>\n\n\n\n<li>Assistante commerciale<\/li>\n\n\n\n<li>Responsable administratif et financier<\/li>\n<\/ul>\n\n\n\n<p>Pass\u00e9e d&rsquo;Assistante de Direction \u00e0 Responsable Administratif et Financier,<br>j&rsquo;ai d\u00e9velopp\u00e9 une expertise compl\u00e8te en gestion administrative, comptable<br>et commerciale. Forte de plusieurs ann\u00e9es d&rsquo;exp\u00e9rience, je ma\u00eetrise<br>l&rsquo;organisation et la coordination des services d&rsquo;entreprise, tout en apportant<br>rigueur et polyvalence dans la gestion quotidienne.<\/p>\n\n\n\n<p><\/p>\n","protected":false},"excerpt":{"rendered":"<p>Bonjour, Je m&rsquo;appelle Laure, je poss\u00e8de un Bac STG et un BTS Assistante GestionPME-PMI. J&rsquo;ai 16 ans d&rsquo;exp\u00e9rience en tant que : Pass\u00e9e d&rsquo;Assistante de Direction \u00e0 Responsable Administratif et Financier,j&rsquo;ai d\u00e9velopp\u00e9 une expertise compl\u00e8te en gestion administrative, comptableet commerciale. Forte de plusieurs ann\u00e9es d&rsquo;exp\u00e9rience, je ma\u00eetrisel&rsquo;organisation et la coordination des services d&rsquo;entreprise, tout en &hellip; <\/p>\n<p class=\"link-more\"><a href=\"https:\/\/alga01.fr\/?page_id=21\" class=\"more-link\">Continuer la lecture<span class=\"screen-reader-text\"> de &laquo;&nbsp;A propos:&nbsp;&raquo;<\/span><\/a><\/p>\n","protected":false},"author":1,"featured_media":0,"parent":0,"menu_order":0,"comment_status":"closed","ping_status":"closed","template":"","meta":{"footnotes":""},"class_list":["post-21","page","type-page","status-publish","hentry"],"_links":{"self":[{"href":"https:\/\/alga01.fr\/index.php?rest_route=\/wp\/v2\/pages\/21","targetHints":{"allow":["GET"]}}],"collection":[{"href":"https:\/\/alga01.fr\/index.php?rest_route=\/wp\/v2\/pages"}],"about":[{"href":"https:\/\/alga01.fr\/index.php?rest_route=\/wp\/v2\/types\/page"}],"author":[{"embeddable":true,"href":"https:\/\/alga01.fr\/index.php?rest_route=\/wp\/v2\/users\/1"}],"replies":[{"embeddable":true,"href":"https:\/\/alga01.fr\/index.php?rest_route=%2Fwp%2Fv2%2Fcomments&post=21"}],"version-history":[{"count":6,"href":"https:\/\/alga01.fr\/index.php?rest_route=\/wp\/v2\/pages\/21\/revisions"}],"predecessor-version":[{"id":81,"href":"https:\/\/alga01.fr\/index.php?rest_route=\/wp\/v2\/pages\/21\/revisions\/81"}],"wp:attachment":[{"href":"https:\/\/alga01.fr\/index.php?rest_route=%2Fwp%2Fv2%2Fmedia&parent=21"}],"curies":[{"name":"wp","href":"https:\/\/api.w.org\/{rel}","templated":true}]}}